base 14?
b336
Convert -126192 (base 12) to base 7.
-2362223
What is 122200301 (base 4) in base 12?
52a15
Convert 1221412 (base 7) to base 2.
100110001111000101
Convert 444332120 (base 5) to base 12.
79bab7
1d82a3 (base 14) to base 9
1884585
What is -1223411 (base 5) in base 16?
-5c36
-212111222112 (base 3) to base 15
-92252
-111170 (base 8) to base 9
-56382
What is -3502643 (base 7) in base 5?
-103003433
Convert 110210020000012 (base 3) to base 6.
401350222
Convert 12587264 (base 9) to base 4.
113221121323
-101000111001010101 (base 2) to base 16
-28e55
4688e (base 15) to base 3
102102012122
Convert -13261813 (base 9) to base 5.
-3133124040
10010101001110011011001 (base 2) to base 3
100012102120100
What is 141622212 (base 7) in base 11?
5270555
What is d3701c (base 15) in base 13?
210a311
Convert 122021121000 (base 3) to base 2.
1010011000010110010
Convert -20100202212022 (base 3) to base 5.
-1331143002
8fab0 (base 16) to base 4
2033222300
Convert -104221232 (base 5) to base 13.
-131996
What is -1201212121 (base 3) in base 10?
-34171
What is -6456487 (base 9) in base 13?
-942c94
Convert 1011001100111000001 (base 2) to base 5.
43221131
What is -7469b (base 14) in base 4?
-1010221301
Convert -1111102022220 (base 3) to base 12.
-3244a3
What is 69012 (base 16) in base 9?
724876
Convert -1110100101101001 (base 2) to base 15.
-12a88
Convert 11515321 (base 6) to base 16.
59d61
What is -b40177 (base 12) in base 15?
-3aa9c1
-303405 (base 11) to base 8
-1670323
-1100110111110101011 (base 2) to base 12
-184123
-11100011001110111000 (base 2) to base 9
-1667660
Convert 554774 (base 14) to base 13.
7a4126
Convert -41848 (base 11) to base 3.
-10002120010
What is -673639 (base 13) in base 2?
-1001010010100100001010
-4423313 (base 5) to base 14
-1dd52
What is -95314 (base 13) in base 5?
-32043213
Convert 20021012010 (base 3) to base 12.
5b463
-222353 (base 8) to base 9
-123768
What is -10110010001110011 (base 2) in base 7?
-530016
-46616 (base 14) to base 5
-20440244
What is 37a359 (base 11) in base 13?
17ca7c
Convert -1011000010101010100 (base 2) to base 9.
-611273
-1407233 (base 9) to base 16
-bcb44
213233412 (base 5) to base 3
1201110221121
-266114 (base 12) to base 16
-9a720
What is 1010011101000101111000 (base 2) in base 7?
32203042
What is -1105400 (base 6) in base 16?
-d968
Convert -1200000220011 (base 3) to base 12.
-368b57
-b962ab (base 14) to base 16
-5fce9f
101112111210 (base 3) to base 4
302220300
-173335 (base 8) to base 7
-352151
Convert 12367376 (base 8) to base 4.
22132323332
1485418 (base 9) to base 10
824111
What is 58997a (base 11) in base 16?
e4672
Convert 5d8942 (base 14) to base 2.
1100010000010000001110
104201 (base 8) to base 9
52837
Convert 6826227 (base 12) to base 11.
102a2310
Convert -223121220 (base 4) to base 15.
-37a13
898873 (base 11) to base 8
5354501
What is -20011222000202 (base 3) in base 4?
-30202111100
Convert 20122011111 (base 3) to base 9.
218144
What is -184058 (base 9) in base 15?
-23ddb
-5546137 (base 9) to base 2
-1011011000010100001111
128126 (base 10) to base 5
13100001
-2564170 (base 8) to base 12
-2a5848
What is -25350526 (base 7) in base 2?
-1000110001000010100110
What is 90313 (base 10) in base 5?
10342223
Convert 179a3a (base 11) to base 6.
5533202
1731857 (base 12) to base 9
10014634
What is 102220330213 (base 4) in base 3?
100012020202111
What is -10110101100000001 (base 2) in base 7?
-534634
b2142 (base 16) to base 10
729410
What is a9d09 (base 16) in base 8?
2516411
-22081a (base 11) to base 5
-42233443
Convert 468b78 (base 12) to base 10.
1135244
What is 1dbb24 (base 15) in base 3?
2202000210221
What is -1001001111111111111110 (base 2) in base 13?
-66b915
What is 14012235 (base 9) in base 3?
111000102021012
What is -10001100000011000101 (base 2) in base 11?
-361a89
-15234255 (base 6) to base 5
-114034002
-10dcb9 (base 15) to base 7
-6565134
-401242 (base 10) to base 15
-7dd47
Convert -112220 (base 9) to base 7.
-400026
Convert -144431332 (base 5) to base 8.
-2763671
What is -11631663 (base 7) in base 2?
-100000000010100111111
What is -1111221111 (base 3) in base 5?
-1423343
1423453 (base 7) to base 5
22102232
Convert 236625565 (base 7) to base 11.
83a889a
Convert -6605a (base 12) to base 3.
-20211222121
What is -1011111000110000001 (base 2) in base 12?
-1694a9
Convert 11001001000101010011 (base 2) to base 5.
202324020
What is 10130114423 (base 5) in base 4?
213221311230
Convert 3122340 (base 8) to base 4.
3022103200
-248c84 (base 16) to base 2
-1001001000110010000100
Convert -2854a (base 15) to base 6.
-2435141
-bac6b (base 15) to base 16
-90e12
Convert 4b890 (base 13) to base 15.
2b6a5
What is 316934 (base 10) in base 7?
2460002
Convert -13103003322 (base 4) to base 3.
-10121012020220
What is 340b563 (base 12) in base 2?
100110000010110101011011
Convert -573525 (base 8) to base 6.
-4055541
11201201220 (base 3) to base 16
16bc0
-5126226 (base 7) to base 13
-185763
1111c (base 16) to base 9
115814
Convert 11111011010000111 (base 2) to base 13.
4672c
Convert -110220121022 (base 3) to base 14.
-68884
What is 110110100110001000 (base 2) in base 16?
36988
5a7a158 (base 11) to base 9
21821828
What is -11100111110001100011001 (base 2) in base 8?
-34761431
20321222122 (base 4) to base 15
31155d
What is -2121002111201 (base 3) in base 10?
-1379638
Convert 11d443 (base 16) to base 3.
2012100210222
-2c1392c (base 13) to base 12
-48a2305
Convert 15328c (base 13) to base 11.
3265a7
Convert 65115216 (base 7) to base 13.
11c4555
40044a6 (base 11) to base 12
2460320
aed35 (base 16) to base 5
140403320
What is -325636 (base 11) in base 4?
-1332322233
What is 6ad944 (base 15) in base 13?
109b27a
What is 111011111011001011110 (base 2) in base 6?
110030450
800767 (base 10) to base 6
25055131
What is 10145244 (base 6) in base 12?
122224
What is -231102320 (base 4) in base 6?
-3550532
-69cd8 (base 15) to base 6
-11120152
What is 1010010011111101001101 (base 2) in base 7?
31655665
131631 (base 15) to base 8
3375065
What is -1947160 (base 11) in base 4?
-30203000000
What is 25a7911 (base 12) in base 13?
1705039
-10346650 (base 7) to base 10
-885955
Convert -32121223211 (base 4) to base 15.
-4e88a5
What is 1690548 (base 12) in base 4?
101303100020
What is 34436505 (base 7) in base 2?
1011100000110011101100
What is 7375223 (base 9) in base 2?
1111000011100111101101
What is 2602651 (base 7) in base 10?
337156
What is -2116557 (base 9) in base 6?
-40142511
What is -874519 (base 10) in base 3?
-1122102121121
-12387238 (base 9) to base 15
-801aab
What is 4121440404 (base 5) in base 9?
16707047
What is -184288 (base 9) in base 4?
-130000013
-c831 (base 14) to base 8
-103353
-1286747 (base 9) to base 16
-ac9c3
Convert -3224113 (base 5) to base 11.
-38287
-202055405 (base 6) to base 7
-41261126
Convert -46245212 (base 8) to base 14.
-149717c
What is 2506231 (base 7) in base 2?
1001110011111100111
Convert -21222201010112 (base 3) to base 10.
-4245791
-10000020000 (base 4) to base 12
-427140
-2140324 (base 7) to base 12
-10766a
Convert -652686 (base 11) to base 12.
-423701
What is -cd025 (base 14) in base 4?
-1321100321
Convert -113cb (base 13) to base 5.
-2001212
What is 303340245 (base 6) in base 5?
2313114204
What is abc6ab (base 13) in base 2?
1111011101111001011100
1465567 (base 9) to base 10
811114
What is 167213 (base 10) in base 6?
3330045
Convert 33d29 (base 15) to base 5.
20234324
10010100101101111 (base 2) to base 4
102211233
-2bb42b (base 13) to base 2
-100001000000100100101
312112021 (base 4) to base 12
a89a1
-2105025 (base 6) to base 15
-20425
-12c73 (base 14) to base 4
-23110111
Convert 3c2c61 (base 14) to base 13.
57baaa
What is -12551451 (base 7) in base 4?
-10122012000
What is -44012241 (base 5) in base 11?
-2374aa
What is b504a (base 12) in base 6?
5024134
-671e1e (base 15) to base 11
-2859393
Convert -141762 (base 15) to base 16.
-ec105
Convert 54321 (base 7) to base 11.
a199
What is -59725 (base 12) in base 3?
-20002222102
What is -981a1 (base 13) in base 5?
-32244200
-1002110221021 (base 3) to base 15
-b6dc7
What is 11d935 (base 15) in base 6?
30202422
98420 (base 14) to base 9
621443
What is 10205452 (base 6) in base 7?
2344100
-68394 (base 15) to base 7
-2550442
Convert -32123120 (base 6) to base 11.
-59541a
Wha